- 11*y(l). Let u be b(7). Give o(u).
4
Let k(i) be the second derivative of -i**4/12 - 3*i**3/2 - 4*i**2 - 7*i. What is k(-6)?
10
Let d(m) be the first derivative of -2*m**3/3 + 5*m**2/2 - 2*m - 6. Calculate d(3).
-5
Let v(a) = -15*a**3 - 8*a**2 + 5*a + 11. Let n(y) = 10*y**3 + 5*y**2 - 3*y - 7. Let f(j) = 8*n(j) + 5*v(j). Calculate f(1).
5
Let h(w) = -6*w + 3. Let d(q) = 3*q + 1. Let u be d(1). Suppose 0*v + u*v - 8 = 0. What is h(v)?
-9
Suppose 0 = w - 2. Let s(k) = 0*k**2 + k**w + 0*k**2 + 2 + 5*k. Let n = -12 - -7. Calculate s(n).
2
Let j(x) = 4*x**2 - 9*x - 10. Let u(w) = w**2 - w - 1. Let l(i) = j(i) - 3*u(i). Give l(7).
0
Let s(o) be the first derivative of -2*o**4 + o**3/3 - o**2/2 + o + 4. Determine s(1).
-7
Let v(k) = 3*k + 2. Let m = 4 - -1. Let n(h) = -h**2 + 5*h + 2. Let l be n(m). Suppose 4*a - l*a = -6. Determine v(a).
-7
Let w = 9 - 4. Let k(n) = n - 6. Give k(w).
-1
Let z = 5 - 99/20. Let h(a) be the second derivative of z*a**5 - 1/2*a**2 + 1/6*a**4 - a**3 + 0 + 3*a. What is h(-4)?
-9
Let u(j) = -j + 4. Suppose -14 = -2*z - 2*x + 4*x, -2*x = 2*z + 6. Suppose -7*a + 10*a = 33. Suppose 0 = z*n - 0*m - m - a, 4*n - 3*m = 23. Give u(n).
-1
Suppose -3*z - v + 33 = 0, 4*z + 2*v = 26 + 16. Let k(g) = z*g - g**2 + 4 + 0 - 1 - 4*g. Let f be k(8). Let y(i) = i**3 - 3*i**2 + 3*i - 1. Give y(f).
8
Suppose -3*k - 12 = f + 3*f, 0 = -2*f - k - 8. Let w(c) = c**3 + 6*c**2 - 5. Give w(f).
-5
Let n be (13 + -13)*(5/(-2) + 2). Let z(o) = o**3 - o + 4. Give z(n).
4
Let k(m) = 5*m**2 - 4*m**2 - 2*m - 1 + 0. Give k(3).
2
Let x(c) = c**2 - 8*c + 8. Let p = 116 + -109. Determine x(p).
1
Let d be 15/10*(-4)/(-3). Let z(m) = 2*m - 7 - 3*m**2 + 3*m**2 + m**d. What is z(-5)?
8
Let k(v) = 3*v - 2*v + 6 - 7. Give k(-5).
-6
Let s(n) = -2*n + 2 + 8*n**3 - 13*n**3 - 1. What is s(1)?
-6
Let h(v) = -v**2 + 1 - 63*v + 63*v. Determine h(1).
0
Let r(j) = -j**2 - 7*j - 2. Let v be r(-6). Let p be v/(-14) + (-9)/(-7). Let c(g) = -1 - 4*g - 6*g + 12*g. What is c(p)?
1
Let l = 9 + -8. Let s(z) = 7*z - 8*z - z**2 + z - l - 2*z - 6*z**3. Let v be s(-1). Let f(c) = c - 8. Calculate f(v).
-2
Suppose -4*v = 4*g + 12, 6*v - 3*g = 3*v + 9. Let p(u) = 0*u - 3*u + v*u. Give p(2).
-6
Let y(t) = 2 - 3 - 3*t + 0 - 2. Let r be (-12)/(-16) + 11/(-4). Determine y(r).
3
Let o(u) be the first derivative of -4*u**2 - u - u**2 + 1 + u**2. Let k be 5/30*-2*-3. What is o(k)?
-9
Let s(u) = -u**2 + 5*u. Let b(g) = -2*g - 10. Let y be b(-8). Suppose l = -0 + y. Let n be ((-4)/l)/(1/(-6)). Determine s(n).
4
Let l(r) = 3*r - 13. Let t be l(5). Let y(k) = k**3 - 1. Give y(t).
7
Let v be 3*1 + ((-48)/(-6))/(-4). Let x(s) = -4*s - 4. Let f(y) = -8*y - 7. Let t(q) = 3*f(q) - 5*x(q). What is t(v)?
-5
Suppose 3*z + 7 = 5*g, -g + 3*z + 1 = g. Let v = 1 + g. Let k(m) = 4*m**3 + 2 - 4*m**2 - 4*m - m - 5*m**v + 6*m. What is k(-3)?
-10
Let u(b) = -8*b**3 + 3*b - 4. Let q(d) = d**3 - d + 1. Suppose -4*p = -a, -a + p = -p - 2. Let x(k) = a*q(k) + u(k). What is x(1)?
-5
Let c(n) = n**2 + n - 1. Let i = -6 + 2. Determine c(i).
11
Let q be (6/15)/((-1)/(-5)). Suppose -q*o = -5*o - 15. Let x(a) = 1 - 7 - 2*a + 0*a + a. Determine x(o).
-1
Let y(b) = -3*b + 2. Let q(f) = f. Let m(z) = -2*q(z) - y(z). Give m(-6).
-8
Let q(x) = 9 - 2*x - 9. What is q(-3)?
6
Let y(z) = z**3 - 6*z**2 - 2*z + 6. Let u(r) = r**2 + 3 - 4 - 6 + 6*r - 3. Let v be u(-8). Calculate y(v).
-6
Let m(s) = -s - 4. Let u be ((32 + 1)/3)/(-1). Let a = u - -17. What is m(a)?
-10
Let s(r) = r**3 - 5*r**2 - 6*r + 2. Let u(d) = -d**3 + 5*d**2 + 6*d - 2. Let h(t) = 6*s(t) + 7*u(t). Let y = -14 - -20. Give h(y).
-2
Let d be (1 - 2) + (-1)/(-1). Let u(s) = -3*s**3 - 3*s - 2. Let a(t) = 13*t**3 + 13*t + 7. Let z(n) = 2*a(n) + 9*u(n). Calculate z(d).
-4
Let g(w) = -3*w**3 - 2*w**2 - 2*w - 1. Suppose 0 = -5*b + 5*h - 25, 2*b - 5 = -0*h - 3*h. Give g(b).
19
Let m(j) = -4 - 2 + j + 1. Let p(f) be the third derivative of f**4/24 - 2*f**3/3 + f**2. Let t be p(4). Determine m(t).
-5
Let d be (-27)/6*(-6)/9. Suppose -4*r + 4*j = -4, 0 = -2*j + 3 + d. Let g(o) = o**3 - 6*o**2 + 7*o - 4. Determine g(r).
-8
Let q(i) = -5*i**2 - 5*i + 1. Let k(o) = -11*o**2 - 11*o + 2. Let x(t) = 6*k(t) - 13*q(t). Give x(0).
-1
Let p(u) = -3*u**3 + u**2 - u + 1. Let x(v) = v + 9. Let i be x(-8). Calculate p(i).
-2
Let w(y) = 2*y**2 + 1. Let c be w(-1). Let u(g) = 2*g**3 - 3 + 2*g + c*g**2 + 2 - g. What is u(-2)?
-7
Let s(p) = 22*p**3 - p**2 + 1. Let f be ((-24)/(-3))/(-4)*(-2)/4. What is s(f)?
22
Let s(p) = -p**2 - 3*p + 8. Let l be s(-5). Let d(z) be the third derivative of -z**5/30 - z**4/12 - z**3/6 + 2*z**2. Give d(l).
-5
Let a = -2 - 3. Let k(v) = 3*v**2 + 9 - 2*v**2 + v**2 + 19*v. Let t(h) = 3*h**2 + 29*h + 13. Let m(y) = -8*k(y) + 5*t(y). Calculate m(a).
3
Let w(d) = -62 - 67 - d**2 + 128 + 6*d. Let z = 7 - 2. What is w(z)?
4
Let f(c) = 7*c. Let g(s) = 20*s. Let w(n) = -17*f(n) + 6*g(n). Let h(b) = -2*b + 7. Let u be h(5). What is w(u)?
-3
Suppose -5*m + 4*p = -4*m - 13, -2*m + 8 = p. Let u(r) = 4*r + 42 - m*r + 0*r - 46. Give u(-6).
2
Let f(a) = -3*a**2 + 1. Let i be (3 - (4 + -3)) + -1. Let p be i/2*(9 + -7). Calculate f(p).
-2
Let t(a) = 11*a - 6. Let q be 2 + (1 - (-3 - -1)). Let m(h) = -27*h + 15. Let i(d) = q*m(d) + 12*t(d). What is i(3)?
-6
Let k be (-12)/(-18) + 26/6. Let r(d) = -d + 10. Determine r(k).
5
Let a be (1 + 3)/(2/3). Let b(p) = 6*p - 3*p**2 + 5*p**2 - 8 - 3*p**2. What is b(a)?
-8
Let w(c) = -2. Let r(d) = d - 4. Let h(a) = 2*r(a) - 5*w(a). Suppose -2*m - 4*l + 4 = 0, 4*l = 6*m - 2*m - 8. What is h(m)?
6
Let r(j) = -j - 4. Let f(u) = u**2 + 4*u + 3. Let c(x) = -2*x + 2. Let k be c(2). Let t be f(k). Let y = 5 + t. Calculate r(y).
-8
Let k(n) = n + 13*n**2 - 17*n**2 - 2 + n**3 + 8*n**2. What is k(-3)?
4
Let n be (0 - 1)*1*-1. Let r(x) be the first derivative of -x**2 - x - 7. Calculate r(n).
-3
Let a = -18 - -16. Let d(i) = 2*i - 1. Calculate d(a).
-5
Let d(q) = 0*q**3 + 24 - 21 - q**2 + 3*q + 2*q**2 + q**3. Calculate d(-2).
-7
Suppose 12 = 4*s - 12. Let m(v) = -15*v**2 - s*v - 3 - v + 14*v**2. Let q be ((-2)/(-4))/(1/(-12)). Determine m(q).
3
Let r(p) = -10*p - 7. Let d(t) = -3*t - 2. Let m(h) = 21*d(h) - 6*r(h). Determine m(3).
-9
Let l(a) = 3*a - 1. Let x(m) = m**2 - 7*m + 10. Let d be x(3). Let s = d - -4. Calculate l(s).
5
Suppose -2*o + 2 = 0, 0 = 5*m + 5*o - 24 - 11. Let b(d) = -d**3 + 6*d**2 + d. What is b(m)?
6
Let z = 165 - 329/2. Let w(l) be the first derivative of -z*l**2 - 3 + 3*l. Give w(4).
-1
Let d = -6 - -10. Suppose i - d = -3. Let b be i/(-2) - (-36)/8. Let o(n) = n + 3. Determine o(b).
7
Let k(x) = 12*x**2 + 13*x + 6. Let y(j) = j**2 + 2*j + 1. Let d(l) = -k(l) + 6*y(l). Calculate d(2).
-26
Let v(d) = -6*d**3 - d + 1. Let j = 15 - 10. Suppose -4*n = -n + 5*y - 13, -j*y + 5 = -5*n. What is v(n)?
-6
Let o(x) = -x**3 + 3*x**2 + 4*x + 2. Let g be -2 + (-31)/(-5) + 1/(-5). What is o(g)?
2
Suppose -b + 5*b = 0. Suppose 0 = -5*z - b*z + 25. Let k(q) = -q**2 + 6*q - 7. What is k(z)?
-2
Let p(w) = w**3 - 4*w**2. Let u(l) = -4*l + 7. Let k(g) = 7*g - 13. Let x(s) = -3*k(s) - 5*u(s). Let d be x(0). Calculate p(d).
0
Let w(n) be the first derivative of -n**3 + n**2/2 + n + 19. Suppose 0 = -4*g - 0 - 8. Determine w(g).
-13
Let j(s) = -s**3 + 4*s**2 + s + 3. Let i(f) = -f**2 + 6*f. Let m be i(5). Let w = m - 1. What is j(w)?
7
Suppose -3*r = -p - 7, 0 = 4*p + r + 2*r + 28. Let u(l) = -l**2 - 9*l + 7. What is u(p)?
21
Let k(g) = -g**2 + 1. Let o(b) = 9*b**2 + 2*b - 12. Let v(i) = 10*i**2 + i - 13. Let s(d) = 3*o(d) - 2*v(d). Let r(z) = -6*k(z) - s(z). Calculate r(-4).
4
Let s(i) be the first derivative of i - 5/3*i**3 + 1 + 3*i**2 - 1/4*i**4. Suppose -27 = 4*q - 3. Determine s(q).
1
Let v(z) be the third derivative of -z**5/60 + 3*z**4/8 - z**3/2 + 5*z**2. Calculate v(6).
15
Let u(w) = -w + 1. Suppose 0*z + 12 = -2*z. Determine u(z).
7
Let r(w) be the first derivative of -w**4/4 + 4*w**3/3 - w**2 + 5*w - 12. Give r(4).
-3
Let p(k) = 4*k - 2*k - 3*k - 2*k. Give p(-2).
6
Let p(n) = n**2 - 6. Let w(j) = -j**2 + j + 5. Let f(l) = 3*p(l) + 4*w(l). What is f(6)?
-10
Let c(w) = -w**2 + 2*w + 1. Let s be (-18)/12*(-8)/6. Calculate c(s).
1
Let r = 2 - -1. Suppose 0 = 3*z + r*b - b + 26, -8 = -2*z + 5*b. Let y(h) = h**3 + 5*h**2 - 7*h + 7. Give y(z).
13
Let 